5*w**2 + 7*w + 5. Determine b(-6).
-73
Let p(i) = -i**3 + 15*i**2 - 2*i + 32. What is p(15)?
2
Let b(c) = -24*c + 10. Give b(2).
-38
Let o(z) = -z**2 + 3*z - 8. What is o(7)?
-36
Let r(u) = -u**2 - 23*u + 69. Give r(-26).
-9
Let x(a) = -16*a - 57. What is x(-4)?
7
Let n(v) = v**2 + 4*v - 25. Determine n(-7).
-4
Let s(w) = 23*w - 10. Give s(1).
13
Let d(w) = w**3 + 5*w**2 + 2*w + 2. Calculate d(-5).
-8
Let d(r) = r**3 - 13*r**2 + 11*r - 11. Calculate d(12).
-23
Let v(q) = -q**2 - 6*q + 21. Give v(-9).
-6
Let n(f) = -12*f + 6. What is n(5)?
-54
Let i(l) = -2*l**2 + 7*l + 24. Calculate i(5).
9
Let t(v) = v**3 + 31*v**2 - v - 25. Determine t(-31).
6
Let f(p) = p**2 - 5*p + 10. Give f(3).
4
Let w(o) = -29*o + 239. What is w(8)?
7
Let t(j) = 32*j**2 - 2*j - 2. Determine t(-1).
32
Let j(c) = -3*c**2 + 63*c - 115. Give j(19).
-1
Let b(x) = -x**2 + 16*x + 10. Determine b(12).
58
Let h(p) = -5*p + 15. Determine h(-5).
40
Let g(i) = -i**3 + 4*i**2 - 3. Determine g(4).
-3
Let c(h) = 4*h**2 - 68*h + 68. Give c(1).
4
Let r(k) = -k**2 + 4*k - 6. Calculate r(4).
-6
Let n(h) = -10*h - 6. Give n(4).
-46
Let f(d) = -d**3 + 10*d**2 - 14*d + 43. Calculate f(9).
-2
Let m(t) = t**3 - 7*t**2 + 6*t + 6. What is m(6)?
6
Let d(t) = 3*t + 4. What is d(13)?
43
Let s(u) = u**2 - 12*u + 9. What is s(10)?
-11
Let f(k) = 2*k + 2. What is f(-6)?
-10
Let o(v) = 5*v - 17. Determine o(-8).
-57
Let p(q) = -q**3 - 12*q**2 - 13*q - 21. Determine p(-11).
1
Let w(b) = b**2 + 30*b - 459. Determine w(11).
-8
Let k(b) = 15*b + 207. Determine k(-14).
-3
Let k(q) = 4*q - 21. Determine k(5).
-1
Let o(y) = 5*y**2 + 27*y + 16. Determine o(-5).
6
Let i(y) = -87*y**2 + 257*y + 9. Determine i(3).
-3
Let m(k) = 3*k**2 - 5*k - 15. Determine m(-3).
27
Let o(y) = y**3 - 7*y**2 + 7*y + 9. Give o(6).
15
Let s(c) = -4*c**2 - 8*c - 4. Calculate s(-4).
-36
Let y(g) = g + 16. What is y(-8)?
8
Let m(t) = -6*t - 99. What is m(-12)?
-27
Let o(h) = 3*h**2 + 1. Determine o(1).
4
Let l(z) = z. Give l(-7).
-7
Let z(d) = 3*d**2 + d + 3. Determine z(-2).
13
Let m(s) = 13*s + 106. Determine m(-8).
2
Let k(b) = -2*b**3 - 16*b**2 + 1. Determine k(-8).
1
Let t(b) = b + 6. Calculate t(4).
10
Let t(w) = -2*w**3 - w**2 - 2*w - 3. Calculate t(-3).
48
Let c(x) = -x**3 - 4*x**2 + x - 18. What is c(-6)?
48
Let r(v) = -v**3 + 12*v**2 + 7*v + 18. Determine r(13).
-60
Let w(d) = d**3 - 3*d**2 - 4*d - 1. What is w(3)?
-13
Let f(l) = -4*l - 160. Give f(-20).
-80
Let o(u) = u**3 - u**2 + 3*u - 1. Determine o(3).
26
Let o(p) = p**3 + 6*p**2 + 4*p + 16. Calculate o(-4).
32
Let j(x) = -31*x**3 + x**2 + 3*x - 3. Calculate j(1).
-30
Let a(f) = -f**2 + 3*f - 4. Determine a(4).
-8
Let g(z) = -z**2 + 5*z - 1. Give g(2).
5
Let p(x) = 4*x + 4. Determine p(-7).
-24
Let y(g) = -5*g**2 + 3*g + 10. What is y(-2)?
-16
Let p(v) = 3*v - 23. Determine p(10).
7
Let b(v) = 3*v - 52. Determine b(21).
11
Let k(z) = -z**3 + 10*z**2 - 2*z + 12. Give k(10).
-8
Let x(r) = r**3 + 6*r**2 - 13*r - 32. Determine x(-7).
10
Let n(w) = -w**3 + 8*w**2 + 6*w - 3. Calculate n(8).
45
Let t(u) = -u**3 - 9*u**2 - 13*u + 2. What is t(-7)?
-5
Let o(l) = 2*l + 38. Give o(-13).
12
Let q(j) = -12*j + 4. Calculate q(0).
4
Let h(v) = 4*v**2 + 2*v - 2. What is h(1)?
4
Let y(k) = -14*k + 223. Calculate y(16).
-1
Let a(g) = -20*g + 2. Give a(2).
-38
Let y(n) = -9*n - 38. Calculate y(-3).
-11
Let j(p) = -2*p**3 + 5*p**2 - 5*p + 2. What is j(2)?
-4
Let t(h) = 12*h - 3. What is t(5)?
57
Let r(y) = -107*y + 317. Give r(3).
-4
Let v(w) = 10*w + 110. Calculate v(-10).
10
Let y(z) = z - 6. Determine y(-8).
-14
Let m(o) = 15*o + 2. What is m(1)?
17
Let l(r) = 15*r**3 + r**2 + r. What is l(-1)?
-15
Let g(y) = -y**2 - 13*y + 4. Calculate g(-11).
26
Let k(o) = 5*o - 28. Give k(9).
17
Let r(a) = -a**3 + 7*a**2 - 2*a - 19. What is r(6)?
5
Let u(c) = c**2 - 2. Determine u(-3).
7
Let k(x) = 70*x**3 - x - 2. Give k(-1).
-71
Let v(o) = 19*o + 2. Give v(-1).
-17
Let c(r) = -32*r + 354. Determine c(11).
2
Let i(b) = b**3 - 5*b**2 - 8*b + 9. What is i(6)?
-3
Let g(d) = -d**2 - 17*d - 17. Calculate g(-7).
53
Let b(t) = -30*t**2 + 5*t - 2. Give b(2).
-112
Let o(a) = -3*a**3 - 4*a**2 - 2*a - 1. Calculate o(-1).
0
Let g(i) = -i**2 + 35*i - 220. Determine g(26).
14
Let l(h) = 5*h**2 - 11*h - 37. Determine l(-3).
41
Let b(z) = -33*z - 3. Calculate b(-2).
63
Let o(h) = -14*h. Determine o(-5).
70
Let b(y) = y**3 - 27*y**2 + 26*y - 5. Give b(26).
-5
Let y(r) = 2*r**3 - 30*r**2 + 26*r + 22. Calculate y(14).
-6
Let o(b) = 10*b**2 + 24*b - 23. What is o(-3)?
-5
Let t(v) = 3*v**3 - 24*v**2 - 3*v - 5. Give t(8).
-29
Let t(g) = g**3 + 10*g**2 - 2. Give t(-10).
-2
Let u(r) = r**3 - 9*r**2 - 2*r + 11. Calculate u(9).
-7
Let x(t) = 6*t + 47. Determine x(-6).
11
Let l(p) = -10*p + 64. What is l(6)?
4
Let w(f) = -f**3 - 8*f**2 - 7*f - 4. Give w(-7).
-4
Let g(n) = 5*n**2 + 80*n + 147. What is g(-14)?
7
Let m(n) = 32*n + 7. Determine m(-2).
-57
Let c(i) = i**3 + 7*i**2 + 9*i + 5. Calculate c(-6).
-13
Let j(b) = 6*b**2 - 7. Give j(-2).
17
Let i(t) = t**3 - 7*t**2 + 6*t + 7. What is i(3)?
-11
Let y(z) = -z**2 - 3*z - 4. Give y(-5).
-14
Let c(q) = -q**3 - 10*q**2 + q - 9. Determine c(-10).
-19
Let c(g) = g**3 + 28*g**2 + g + 25. Give c(-28).
-3
Let b(i) = -i**2 - 32*i - 133. Calculate b(-5).
2
Let b(d) = -2*d**2 - 32*d - 129. Determine b(-5).
-19
Let r(l) = 5*l - 3. Determine r(2).
7
Let q(l) = l + 6. Calculate q(-15).
-9
Let z(c) = -4*c - 111. Calculate z(-27).
-3
Let m(y) = -15*y**2 - 136*y - 2. Determine m(-9).
7
Let b(w) = -w**2 - 38*w - 226. Determine b(-31).
-9
Let i(s) = 8*s + 3. What is i(1)?
11
Let a(o) = o**3 + 8*o**2 - o - 3. Calculate a(-7).
53
Let d(k) = 25*k + 1. Calculate d(-2).
-49
Let y(u) = -u**2 - 7. Give y(-5).
-32
Let u(k) = k**3 + 7*k**2 - 8*k + 4. Calculate u(-6).
88
Let y(w) = w**3 + 2*w + 19. Give y(-3).
-14
Let w(c) = 8*c + 27. Determine w(0).
27
Let u(m) = -m**2 - 3*m + 5. What is u(-6)?
-13
Let c(z) = 8*z**2 - 23*z - 2. Determine c(3).
1
Let c(d) = -8*d**2 - 2*d + 1. What is c(2)?
-35
Let g(m) = -m**3 - m**2 - 27. Calculate g(0).
-27
Let f(g) = 16*g**3 + g**2 - 1. Calculate f(1).
16
Let i(p) = 2*p + 40. Give i(-16).
8
Let b(v) = -12*v + 107. Calculate b(8).
11
Let m(j) = j**3 - 7*j**2 + 3*j - 10. Give m(7).
11
Let v(r) = -r**2 + 18*r - 11. What is v(18)?
-11
Let p(f) = -f**2 - 6*f - 7. What is p(-3)?
2
Let x(t) = -12*t**2 + 2*t - 3. What is x(2)?
-47
Let r(g) = 30*g + 2. Determine r(-2).
-58
Let c(k) = -k**3 - 3*k**2 + 13*k + 12. What is c(-5)?
-3
Let c(g) = 3*g**2 + 12*g - 52. Give c(-8).
44
Let y(h) = -h**2 - 9*h - 2. Calculate y(-7).
12
Let v(p) = 2*p**2 - 6*p - 5. Calculate v(4).
3
Let j(a) = 12*a**3 + 2*a**2 + 2*a + 1. Calculate j(-1).
-11
Let l(r) = -2*r**3 - 2*r**2 + 2*r + 3. Give l(-3).
33
Let m(s) = s**3 - 5*s**2 + 6*s - 1. What is m(5)?
29
Let c(z) = 13*z. Give c(-1).
-13
Let g(s) = 18*s**2 + s - 1. Calculate g(1).
18
Let u(m) = -m**2 + 11*m + 9. Calculate u(11).
9
Let i(o) = -3*o**3 - 74*o**2 - 47*o + 18. Give i(-24).
-6
Let j(g) = 194*g**2 + 4*g + 5. What is j(-1)?
195
Let f(d) = -15*d**2 - 71*d - 3. Determine f(-5).
-23
Let j(u) = -2*u**2 + u - 7. Calculate j(-3).
-28
Let x(p) = p**3 + 7*p**2 - 27*p + 31. What is x(-10)?
1
Let w(o) = o**2 + 12*o - 50. What is w(6)?
58
Let z(r) = -r**3 + 25*r**2 - 47*r + 13. Give z(23).
-10
Let g(z) = 4*z - 22. Calculate g(11).
22
Let z(o) = o**3 - 2*o**2 + 4*o - 2. Calculate z(2).
6
Let l(g) = 6*g. Calculate l(-3).
-18
Let b(c) = -c - 18. Calculate b(-23).
5
Let x(l) = -l**3 - 7*l**2 - 5*l + 7. What is x(-6)?
1
Let x(t) = t**3 - 7*t**2 - 2*t - 13. Calculate x(7).
-27
Let v(l) = -l**2 + 10*l + 257. Determine v(22).
-7
Let u(z) = -11*z - 25. Calculate u(5).
-80
Let p(z) = -35*z + 33. What is p(1)?
-2
Let o(k) = -k**3 + 4*k**2 + 14*k - 9. What is o(6)?
3
Let h(w) = -w**3 + 4*w**2 - 6*w + 4. Give h(4).
-20
Let m(z) = -4*z**3 - 6*z**2 - 7*z - 1. What is m(-3)?
74
Let g(n) = -3*n - 3. What is g(-2)?
3
Let d(o) = -10*o + 2. Give d(-2).
22
Let u(o) = -o**3 + 7*o**2 - 2*o - 2. Calculate u(5).
38
Let c(i) = 3*i - 44. What is c(11)?
-11
Let k(r) = -3*r**3 + 6*r**2 + r - 8. Give k(2).
-6
Let p(a) = a**3 + 12*a**2 - a - 14. Determine p(-11).
118
Let c(j) = -2*j**2 - 5*j + 14. What is c(0)?
14
Let b(q) = -q**2 + 8*q - 17. What is b(7)?
-10
Let o(i) = i**2 - 